{"id":2,"date":"2021-06-24T11:21:13","date_gmt":"2021-06-24T09:21:13","guid":{"rendered":"https:\/\/areariservata.spazioapertoservizi.org\/welfare\/?page_id=2"},"modified":"2024-06-28T13:20:57","modified_gmt":"2024-06-28T11:20:57","slug":"homepage","status":"publish","type":"page","link":"https:\/\/areariservata.spazioapertoservizi.org\/welfare\/","title":{"rendered":"Welfare Aziendale SAS"},"content":{"rendered":"\n<div class=\"wp-block-columns is-layout-flex wp-container-core-columns-is-layout-9d6595d7 wp-block-columns-is-layout-flex\">\n<div class=\"wp-block-column is-layout-flow wp-block-column-is-layout-flow\" style=\"flex-basis:66.66%\">\n<h2 class=\"wp-block-heading\">Accordi, convenzioni, collaborazioni, servizi, attivit\u00e0, opportunit\u00e0 e sperimentazioni quotidiane che oltre al benessere generale hanno la finalit\u00e0 di produrre un aumento del potere d\u2019acquisto.<\/h2>\n\n\n\n<h3 class=\"wp-block-heading\">Quest\u2019area riservata \u00e8 dedicata al Welfare Aziendale Interno ed \u00e8 rivolta alle lavoratrici e ai lavoratori.<\/h3>\n<\/div>\n\n\n\n<div class=\"wp-block-column is-layout-flow wp-block-column-is-layout-flow\" style=\"flex-basis:33.33%\"><div class=\"widget_bp_core_login_widget buddypress widget wp-block-bp-login-form\"><h2 class=\"widget-title\">Login<\/h2><form name=\"bp-login-widget-form\" id=\"bp-login-widget-form\" action=\"https:\/\/areariservata.spazioapertoservizi.org\/welfare\/wp-login.php\" method=\"post\"><p class=\"login-username\">\n\t\t\t\t<label for=\"bp-login-widget-user-login\">Nome utente<\/label>\n\t\t\t\t<input type=\"text\" name=\"log\" id=\"bp-login-widget-user-login\" autocomplete=\"username\" class=\"input\" value=\"\" size=\"20\" \/>\n\t\t\t<\/p><p class=\"login-password\">\n\t\t\t\t<label for=\"bp-login-widget-user-pass\">Password<\/label>\n\t\t\t\t<input type=\"password\" name=\"pwd\" id=\"bp-login-widget-user-pass\" autocomplete=\"current-password\" spellcheck=\"false\" class=\"input\" value=\"\" size=\"20\" \/>\n\t\t\t<\/p><p class=\"login-remember\"><label><input name=\"rememberme\" type=\"checkbox\" id=\"bp-login-widget-rememberme\" value=\"forever\" \/> Ricordami<\/label><\/p><p class=\"login-submit\">\n\t\t\t\t<input type=\"submit\" name=\"wp-submit\" id=\"bp-login-widget-submit\" class=\"wp-block-button__link wp-element-button\" value=\"Accedi\" \/>\n\t\t\t\t<input type=\"hidden\" name=\"redirect_to\" value=\"https:\/\/areariservata.spazioapertoservizi.org\/welfare\/wp-json\/wp\/v2\/pages\/2\" \/>\n\t\t\t<\/p><p class=\"bp-login-widget-pwd-link\"><a href=\"https:\/\/areariservata.spazioapertoservizi.org\/welfare\/wp-login.php?action=lostpassword&#038;redirect_to=https%3A%2F%2Fareariservata.spazioapertoservizi.org%2Fwelfare\">Password dimenticata?<\/a><\/p>\t<span class=\"bp-login-widget-request-membership-link\"><a href=\"https:\/\/areariservata.spazioapertoservizi.org\/welfare\/crea-un-account\/\">Richiesta di Adesione<\/a><\/span>\n\t<\/form><\/div><\/div>\n<\/div>\n\n\n\n<p>Registrazioni e supporto: <a href=\"mailto:ida.veltri@spazioapertoservizi.org\">ida.veltri@spazioapertoservizi.org<\/a>.<\/p>\n","protected":false},"excerpt":{"rendered":"<p>Accordi, convenzioni, collaborazioni, servizi, attivit\u00e0, opportunit\u00e0 e sperimentazioni quotidiane che oltre al benessere generale hanno la finalit\u00e0 di produrre un aumento del potere d\u2019acquisto. Quest\u2019area riservata \u00e8 dedicata al Welfare Aziendale Interno ed \u00e8 rivolta alle lavoratrici e ai lavoratori. Registrazioni e supporto: ida.veltri@spazioapertoservizi.org.<\/p>\n","protected":false},"author":1,"featured_media":0,"parent":0,"menu_order":0,"comment_status":"closed","ping_status":"closed","template":"","meta":{"footnotes":"","_links_to":"","_links_to_target":""},"class_list":["post-2","page","type-page","status-publish","hentry"],"_links":{"self":[{"href":"https:\/\/areariservata.spazioapertoservizi.org\/welfare\/wp-json\/wp\/v2\/pages\/2","targetHints":{"allow":["GET"]}}],"collection":[{"href":"https:\/\/areariservata.spazioapertoservizi.org\/welfare\/wp-json\/wp\/v2\/pages"}],"about":[{"href":"https:\/\/areariservata.spazioapertoservizi.org\/welfare\/wp-json\/wp\/v2\/types\/page"}],"author":[{"embeddable":true,"href":"https:\/\/areariservata.spazioapertoservizi.org\/welfare\/wp-json\/wp\/v2\/users\/1"}],"replies":[{"embeddable":true,"href":"https:\/\/areariservata.spazioapertoservizi.org\/welfare\/wp-json\/wp\/v2\/comments?post=2"}],"version-history":[{"count":117,"href":"https:\/\/areariservata.spazioapertoservizi.org\/welfare\/wp-json\/wp\/v2\/pages\/2\/revisions"}],"predecessor-version":[{"id":699,"href":"https:\/\/areariservata.spazioapertoservizi.org\/welfare\/wp-json\/wp\/v2\/pages\/2\/revisions\/699"}],"wp:attachment":[{"href":"https:\/\/areariservata.spazioapertoservizi.org\/welfare\/wp-json\/wp\/v2\/media?parent=2"}],"curies":[{"name":"wp","href":"https:\/\/api.w.org\/{rel}","templated":true}]}}